[INFO] cloning repository https://github.com/SciurusMagnum/rustcat
[INFO] running `Command { std: "git" "-c" "credential.helper=" "-c" "credential.helper=/workspace/cargo-home/bin/git-credential-null" "clone" "--bare" "https://github.com/SciurusMagnum/rustcat" "/workspace/cache/git-repos/https%3A%2F%2Fgithub.com%2FSciurusMagnum%2Frustcat", kill_on_drop: false }`
[INFO] [stderr] Cloning into bare repository '/workspace/cache/git-repos/https%3A%2F%2Fgithub.com%2FSciurusMagnum%2Frustcat'...
[INFO] running `Command { std: "git" "rev-parse" "HEAD", kill_on_drop: false }`
[INFO] [stdout] f532fe6565134786cedd0439d66e9c51186ab929
[INFO] checking SciurusMagnum/rustcat against try#72f88fc4e9458f89516a0b8b0868f3718aec5b47 for pr-74989
[INFO] running `Command { std: "git" "clone" "/workspace/cache/git-repos/https%3A%2F%2Fgithub.com%2FSciurusMagnum%2Frustcat" "/workspace/builds/worker-11/source", kill_on_drop: false }`
[INFO] [stderr] Cloning into '/workspace/builds/worker-11/source'...
[INFO] [stderr] done.
[INFO] validating manifest of git repo https://github.com/SciurusMagnum/rustcat on toolchain 72f88fc4e9458f89516a0b8b0868f3718aec5b47
[INFO] running `Command { std: "/workspace/cargo-home/bin/cargo" "+72f88fc4e9458f89516a0b8b0868f3718aec5b47" "read-manifest" "--manifest-path" "Cargo.toml", kill_on_drop: false }`
[INFO] started tweaking git repo https://github.com/SciurusMagnum/rustcat
[INFO] finished tweaking git repo https://github.com/SciurusMagnum/rustcat
[INFO] tweaked toml for git repo https://github.com/SciurusMagnum/rustcat written to /workspace/builds/worker-11/source/Cargo.toml
[INFO] crate git repo https://github.com/SciurusMagnum/rustcat already has a lockfile, it will not be regenerated
[INFO] running `Command { std: "/workspace/cargo-home/bin/cargo" "+72f88fc4e9458f89516a0b8b0868f3718aec5b47" "fetch" "--locked" "--manifest-path" "Cargo.toml", kill_on_drop: false }`
[INFO] [stderr]  Downloading crates ...
[INFO] [stderr]   Downloaded tokio-io v0.1.5
[INFO] [stderr]   Downloaded ctrlc v3.1.0
[INFO] [stderr]   Downloaded mio v0.6.13
[INFO] [stderr]   Downloaded tokio v0.1.1
[INFO] running `Command { std: "docker" "create" "-v" "/var/lib/crater-agent-workspace/builds/worker-11/target:/opt/rustwide/target:rw,Z" "-v" "/var/lib/crater-agent-workspace/builds/worker-11/source:/opt/rustwide/workdir:ro,Z" "-v" "/var/lib/crater-agent-workspace/cargo-home:/opt/rustwide/cargo-home:ro,Z" "-v" "/var/lib/crater-agent-workspace/rustup-home:/opt/rustwide/rustup-home:ro,Z" "-e" "SOURCE_DIR=/opt/rustwide/workdir" "-e" "CARGO_TARGET_DIR=/opt/rustwide/target" "-e" "CARGO_HOME=/opt/rustwide/cargo-home" "-e" "RUSTUP_HOME=/opt/rustwide/rustup-home" "-w" "/opt/rustwide/workdir" "-m" "1610612736" "--user" "0:0" "--network" "none" "rustops/crates-build-env@sha256:d92eaeed33fa75130ca1ee6c8a01d1ffb62bac859dfdfb3450e3e5d1c0146529" "/opt/rustwide/cargo-home/bin/cargo" "+72f88fc4e9458f89516a0b8b0868f3718aec5b47" "metadata" "--no-deps" "--format-version=1", kill_on_drop: false }`
[INFO] [stdout] 6c1f59f4a8c8422f79044affdd3e9b10f68688f4f28ac0b4df6a3fd9df090b9d
[INFO] [stderr] WARNING: Your kernel does not support swap limit capabilities or the cgroup is not mounted. Memory limited without swap.
[INFO] running `Command { std: "docker" "start" "-a" "6c1f59f4a8c8422f79044affdd3e9b10f68688f4f28ac0b4df6a3fd9df090b9d", kill_on_drop: false }`
[INFO] running `Command { std: "docker" "inspect" "6c1f59f4a8c8422f79044affdd3e9b10f68688f4f28ac0b4df6a3fd9df090b9d", kill_on_drop: false }`
[INFO] running `Command { std: "docker" "rm" "-f" "6c1f59f4a8c8422f79044affdd3e9b10f68688f4f28ac0b4df6a3fd9df090b9d", kill_on_drop: false }`
[INFO] [stdout] 6c1f59f4a8c8422f79044affdd3e9b10f68688f4f28ac0b4df6a3fd9df090b9d
[INFO] running `Command { std: "docker" "create" "-v" "/var/lib/crater-agent-workspace/builds/worker-11/target:/opt/rustwide/target:rw,Z" "-v" "/var/lib/crater-agent-workspace/builds/worker-11/source:/opt/rustwide/workdir:ro,Z" "-v" "/var/lib/crater-agent-workspace/cargo-home:/opt/rustwide/cargo-home:ro,Z" "-v" "/var/lib/crater-agent-workspace/rustup-home:/opt/rustwide/rustup-home:ro,Z" "-e" "SOURCE_DIR=/opt/rustwide/workdir" "-e" "CARGO_TARGET_DIR=/opt/rustwide/target" "-e" "CARGO_INCREMENTAL=0" "-e" "RUST_BACKTRACE=full" "-e" "RUSTFLAGS=--cap-lints=forbid" "-e" "CARGO_HOME=/opt/rustwide/cargo-home" "-e" "RUSTUP_HOME=/opt/rustwide/rustup-home" "-w" "/opt/rustwide/workdir" "-m" "1610612736" "--user" "0:0" "--network" "none" "rustops/crates-build-env@sha256:d92eaeed33fa75130ca1ee6c8a01d1ffb62bac859dfdfb3450e3e5d1c0146529" "/opt/rustwide/cargo-home/bin/cargo" "+72f88fc4e9458f89516a0b8b0868f3718aec5b47" "check" "--frozen" "--all" "--all-targets" "--message-format=json", kill_on_drop: false }`
[INFO] [stdout] 2531a89a9f9bb3c3777a3e70d1306bd49358330b1ccd16c14295d8eecb4f3200
[INFO] [stderr] WARNING: Your kernel does not support swap limit capabilities or the cgroup is not mounted. Memory limited without swap.
[INFO] running `Command { std: "docker" "start" "-a" "2531a89a9f9bb3c3777a3e70d1306bd49358330b1ccd16c14295d8eecb4f3200", kill_on_drop: false }`
[INFO] [stderr]     Checking byteorder v1.2.1
[INFO] [stderr]     Checking bitflags v0.9.1
[INFO] [stderr]     Checking log v0.4.1
[INFO] [stderr]     Checking net2 v0.2.31
[INFO] [stderr]     Checking nix v0.9.0
[INFO] [stderr]     Checking log v0.3.9
[INFO] [stderr]     Checking bytes v0.4.6
[INFO] [stderr]     Checking mio v0.6.13
[INFO] [stderr]     Checking tokio-io v0.1.5
[INFO] [stderr]     Checking tokio-core v0.1.12
[INFO] [stderr]     Checking tokio v0.1.1
[INFO] [stderr]     Checking ctrlc v3.1.0
[INFO] [stderr]     Checking rustcat v0.1.0 (/opt/rustwide/workdir)
[INFO] [stdout] error[E0433]: failed to resolve: use of undeclared type or module `message`
[INFO] [stdout]   --> src/main.rs:53:9
[INFO] [stdout]    |
[INFO] [stdout] 53 |         message::from = match stdin_reciever.try_recv(){
[INFO] [stdout]    |         ^^^^^^^ use of undeclared type or module `message`
[INFO] [stdout] 
[INFO] [stdout] 
[INFO] [stdout] warning: unused import: `std::net`
[INFO] [stdout]   --> src/main.rs:14:5
[INFO] [stdout]    |
[INFO] [stdout] 14 | use std::net;
[INFO] [stdout]    |     ^^^^^^^^
[INFO] [stdout]    |
[INFO] [stdout]    = note: `#[warn(unused_imports)]` on by default
[INFO] [stdout] 
[INFO] [stdout] 
[INFO] [stdout] warning: unnecessary parentheses around type
[INFO] [stdout]   --> src/main.rs:74:37
[INFO] [stdout]    |
[INFO] [stdout] 74 | fn parse_config(args: &[String]) -> (Config) {
[INFO] [stdout]    |                                     ^^^^^^^^ help: remove these parentheses
[INFO] [stdout]    |
[INFO] [stdout]    = note: `#[warn(unused_parens)]` on by default
[INFO] [stdout] 
[INFO] [stdout] 
[INFO] [stdout] error[E0433]: failed to resolve: use of undeclared type or module `message`
[INFO] [stdout]   --> src/main.rs:53:9
[INFO] [stdout]    |
[INFO] [stdout] 53 |         message::from = match stdin_reciever.try_recv(){
[INFO] [stdout]    |         ^^^^^^^ use of undeclared type or module `message`
[INFO] [stdout] 
[INFO] [stdout] 
[INFO] [stdout] warning: unused import: `std::net`
[INFO] [stdout]   --> src/main.rs:14:5
[INFO] [stdout]    |
[INFO] [stdout] 14 | use std::net;
[INFO] [stdout]    |     ^^^^^^^^
[INFO] [stdout]    |
[INFO] [stdout]    = note: `#[warn(unused_imports)]` on by default
[INFO] [stdout] 
[INFO] [stdout] 
[INFO] [stdout] warning: unnecessary parentheses around type
[INFO] [stdout]   --> src/main.rs:74:37
[INFO] [stdout]    |
[INFO] [stdout] 74 | fn parse_config(args: &[String]) -> (Config) {
[INFO] [stdout]    |                                     ^^^^^^^^ help: remove these parentheses
[INFO] [stdout]    |
[INFO] [stdout]    = note: `#[warn(unused_parens)]` on by default
[INFO] [stdout] 
[INFO] [stdout] 
[INFO] [stdout] error[E0599]: no method named `write` found for struct `ConnectFuture` in the current scope
[INFO] [stdout]   --> src/main.rs:63:31
[INFO] [stdout]    |
[INFO] [stdout] 63 |         let _ = client_stream.write(message.as_bytes());
[INFO] [stdout]    |                               ^^^^^ method not found in `ConnectFuture`
[INFO] [stdout] 
[INFO] [stdout] 
[INFO] [stdout] warning: unused import: `BufRead`
[INFO] [stdout]   --> src/main.rs:11:21
[INFO] [stdout]    |
[INFO] [stdout] 11 | use std::io::{self, BufRead};
[INFO] [stdout]    |                     ^^^^^^^
[INFO] [stdout] 
[INFO] [stdout] 
[INFO] [stdout] warning: unused import: `std::io::prelude`
[INFO] [stdout]   --> src/main.rs:12:5
[INFO] [stdout]    |
[INFO] [stdout] 12 | use std::io::prelude::*;
[INFO] [stdout]    |     ^^^^^^^^^^^^^^^^
[INFO] [stdout] 
[INFO] [stdout] 
[INFO] [stdout] error: aborting due to 2 previous errors; 4 warnings emitted
[INFO] [stdout] 
[INFO] [stdout] 
[INFO] [stdout] Some errors have detailed explanations: E0433, E0599.
[INFO] [stdout] 
[INFO] [stdout] For more information about an error, try `rustc --explain E0433`.
[INFO] [stdout] 
[INFO] [stderr] error: could not compile `rustcat`.
[INFO] [stderr] 
[INFO] [stderr] To learn more, run the command again with --verbose.
[INFO] [stderr] warning: build failed, waiting for other jobs to finish...
[INFO] [stdout] error[E0599]: no method named `write` found for struct `ConnectFuture` in the current scope
[INFO] [stdout]   --> src/main.rs:63:31
[INFO] [stdout]    |
[INFO] [stdout] 63 |         let _ = client_stream.write(message.as_bytes());
[INFO] [stdout]    |                               ^^^^^ method not found in `ConnectFuture`
[INFO] [stdout] 
[INFO] [stdout] 
[INFO] [stdout] warning: unused import: `BufRead`
[INFO] [stdout]   --> src/main.rs:11:21
[INFO] [stdout]    |
[INFO] [stdout] 11 | use std::io::{self, BufRead};
[INFO] [stdout]    |                     ^^^^^^^
[INFO] [stdout] 
[INFO] [stdout] 
[INFO] [stdout] warning: unused import: `std::io::prelude`
[INFO] [stdout]   --> src/main.rs:12:5
[INFO] [stdout]    |
[INFO] [stdout] 12 | use std::io::prelude::*;
[INFO] [stdout]    |     ^^^^^^^^^^^^^^^^
[INFO] [stdout] 
[INFO] [stdout] 
[INFO] [stdout] error: aborting due to 2 previous errors; 4 warnings emitted
[INFO] [stdout] 
[INFO] [stdout] 
[INFO] [stdout] Some errors have detailed explanations: E0433, E0599.
[INFO] [stdout] 
[INFO] [stdout] For more information about an error, try `rustc --explain E0433`.
[INFO] [stdout] 
[INFO] [stderr] error: build failed
[INFO] running `Command { std: "docker" "inspect" "2531a89a9f9bb3c3777a3e70d1306bd49358330b1ccd16c14295d8eecb4f3200", kill_on_drop: false }`
[INFO] running `Command { std: "docker" "rm" "-f" "2531a89a9f9bb3c3777a3e70d1306bd49358330b1ccd16c14295d8eecb4f3200", kill_on_drop: false }`
[INFO] [stdout] 2531a89a9f9bb3c3777a3e70d1306bd49358330b1ccd16c14295d8eecb4f3200
